 common factor of 30464 and 119?
119
Calculate the greatest common factor of 36 and 44.
4
Calculate the highest common divisor of 4698 and 1458.
162
What is the highest common factor of 9559 and 79?
79
Calculate the highest common factor of 30 and 660.
30
What is the greatest common factor of 2727 and 101?
101
Calculate the highest common divisor of 2 and 436.
2
Calculate the highest common divisor of 513 and 38.
19
What is the greatest common factor of 24 and 84?
12
Calculate the highest common factor of 3172 and 52.
52
What is the greatest common factor of 235 and 25?
5
Calculate the greatest common factor of 88 and 104.
8
Calculate the greatest common divisor of 318 and 3074.
106
Calculate the greatest common divisor of 1577 and 95.
19
Calculate the highest common divisor of 86 and 129.
43
What is the highest common factor of 54 and 30?
6
Calculate the highest common factor of 414 and 63.
9
Calculate the highest common divisor of 1788 and 48.
12
What is the greatest common divisor of 2057 and 17?
17
Calculate the greatest common factor of 58 and 162.
2
Calculate the greatest common factor of 7 and 2471.
7
Calculate the greatest common factor of 350 and 1190.
70
Calculate the greatest common divisor of 440 and 2552.
88
What is the greatest common factor of 56 and 1498?
14
What is the highest common factor of 15 and 3?
3
What is the highest common divisor of 15 and 3085?
5
Calculate the highest common factor of 112 and 4816.
112
Calculate the greatest common divisor of 171 and 228.
57
Calculate the highest common divisor of 2185 and 1035.
115
Calculate the highest common divisor of 374 and 34.
34
Calculate the greatest common divisor of 432 and 27.
27
What is the greatest common factor of 480 and 75?
15
What is the greatest common divisor of 21 and 3549?
21
What is the highest common factor of 14 and 434?
14
Calculate the greatest common factor of 2737 and 595.
119
Calculate the highest common factor of 464 and 33176.
232
Calculate the highest common divisor of 68 and 12.
4
What is the greatest common divisor of 18 and 104?
2
What is the greatest common divisor of 102 and 228?
6
Calculate the greatest common divisor of 423 and 36.
9
Calculate the highest common factor of 690 and 161.
23
What is the highest common divisor of 146 and 18469?
73
What is the greatest common factor of 5 and 40?
5
What is the highest common divisor of 2830 and 10?
10
What is the greatest common factor of 765 and 135?
45
What is the highest common factor of 25 and 775?
25
Calculate the greatest common divisor of 4092 and 93.
93
What is the highest common factor of 125 and 50?
25
Calculate the highest common factor of 33 and 33.
33
Calculate the greatest common divisor of 10 and 1925.
5
Calculate the highest common factor of 78 and 17134.
26
Calculate the greatest common divisor of 512 and 192.
64
Calculate the highest common divisor of 325 and 52.
13
What is the greatest common divisor of 1100 and 44?
44
What is the highest common factor of 1536 and 48?
48
Calculate the highest common factor of 276 and 708.
12
Calculate the greatest common factor of 285 and 5.
5
Calculate the highest common factor of 56 and 16.
8
Calculate the highest common factor of 1168 and 32.
16
Calculate the greatest common factor of 2504 and 32.
8
Calculate the highest common factor of 213 and 1349.
71
Calculate the greatest common divisor of 5680 and 80.
80
What is the highest common divisor of 245 and 175?
35
Calculate the highest common factor of 1269 and 235.
47
Calculate the highest common divisor of 136 and 2822.
34
What is the highest common divisor of 2793 and 114?
57
Calculate the highest common factor of 6968 and 104.
104
What is the greatest common divisor of 533 and 41?
41
What is the greatest common factor of 5671 and 106?
53
Calculate the highest common divisor of 98 and 21.
7
Calculate the highest common divisor of 336 and 147.
21
Calculate the highest common divisor of 1595 and 1305.
145
Calculate the highest common divisor of 14 and 36.
2
Calculate the greatest common divisor of 26 and 65.
13
What is the greatest common divisor of 1143 and 243?
9
What is the highest common divisor of 348 and 324?
12
Calculate the greatest common divisor of 575 and 23.
23
What is the greatest common divisor of 56 and 54152?
56
Calculate the greatest common factor of 216 and 702.
54
Calculate the highest common factor of 10390 and 10.
10
Calculate the greatest common divisor of 651 and 42.
21
Calculate the greatest common divisor of 45 and 30.
15
Calculate the highest common factor of 3663 and 9.
9
Calculate the highest common divisor of 160 and 360.
40
What is the greatest common factor of 9282 and 51?
51
What is the greatest common factor of 28 and 1428?
28
Calculate the highest common divisor of 102 and 348.
6
What is the greatest common divisor of 5 and 115?
5
Calculate the highest common factor of 12 and 1124.
4
Calculate the highest common divisor of 168 and 12.
12
What is the greatest common factor of 195 and 1248?
39
Calculate the highest common divisor of 1196 and 69.
23
Calculate the greatest common factor of 63 and 8631.
63
Calculate the greatest common factor of 34 and 221.
17
What is the highest common divisor of 455 and 315?
35
Calculate the highest common factor of 189 and 132489.
189
Calculate the highest common factor of 1909 and 83.
83
What is the highest common factor of 2 and 32?
2
What is the highest common factor of 55 and 154?
11
What is the highest common divisor of 10 and 3075?
5
Calculate the highest common divisor of 410 and 770.
10
Calculate the greatest common divisor of 943 and 69.
23
Calculate the highest common factor of 119 and 85.
17
Calculate the highest common divisor of 8256 and 129.
129
What is the highest common factor of 64 and 2320?
16
Calculate the greatest common divisor of 106 and 2438.
106
Calculate the greatest common factor of 360 and 3630.
30
Calculate the greatest common divisor of 1189 and 232.
29
Calculate the greatest common divisor of 1432 and 10382.
358
What is the highest common factor of 14 and 175?
7
Calculate the highest common divisor of 218 and 19402.
218
What is the greatest common factor of 54 and 432?
54
Calculate the greatest common divisor of 1133 and 11.
11
What is the highest common divisor of 1829 and 31?
31
Calculate the highest common factor of 558 and 4650.
186
What is the greatest common divisor of 48447 and 63?
63
Calculate the highest common factor of 52 and 52.
52
What is the highest common divisor of 1704 and 216?
24
Calculate the greatest common divisor of 365 and 146.
73
What is the greatest common factor of 4 and 676?
4
Calculate the highest common divisor of 120 and 45.
15
Calculate the highest common factor of 9078 and 17.
17
Calculate the greatest common factor of 71 and 9.
1
What is the highest common divisor of 342 and 279?
9
What is the highest common factor of 44 and 286?
22
What is the highest common factor of 1995 and 2926?
133
Calculate the greatest common divisor of 30 and 8.
2
What is the greatest common divisor of 99 and 1100?
11
Calculate the highest common divisor of 4 and 2048.
4
Calculate the highest common factor of 32 and 288.
32
Calculate the greatest common divisor of 6 and 1194.
6
What is the greatest common divisor of 270 and 80?
10
What is the highest common divisor of 23405 and 155?
155
What is the highest common divisor of 7 and 85?
1
Calculate the greatest common factor of 76 and 32.
4
Calculate the greatest common divisor of 20 and 1315.
5
Calculate the highest common factor of 58 and 261.
29
What is the greatest common divisor of 110 and 66?
22
Calculate the greatest common divisor of 53 and 2279.
53
Calculate the greatest common divisor of 1797 and 3.
3
Calculate the highest common factor of 30 and 2490.
30
Calculate the highest common factor of 63 and 9.
9
What is the highest common divisor of 752 and 16?
16
Calculate the highest common divisor of 127 and 254.
127
Calculate the highest common divisor of 598 and 26.
26
What is the highest common factor of 24 and 24768?
24
Calculate the greatest common factor of 16119 and 81.
81
What is the highest common factor of 11 and 3377?
11
What is the greatest common divisor of 312 and 72?
24
Calculate the highest common factor of 2853 and 18.